er when 35 is divided by 1*-3*(13 + -16).
8
Let p = -5 - -16. Calculate the remainder when p is divided by 7.
4
Suppose -5*k = -67 + 2. What is the remainder when 77 is divided by k?
12
Let y be (3 + -2 - 0) + 1. Suppose -t = -5*u - 25, t + y*u = -0*u - 10. Suppose 4*r - 92 = -t*r. What is the remainder when r is divided by 12?
11
Let o(y) = -22*y**3 + y**2 - 2*y - 3. What is the remainder when o(-1) is divided by 8?
6
Let g(v) = 29*v**2 - v + 1. Suppose m + 4*q + 13 = 0, 0 = -4*q - 23 + 7. What is the remainder when g(1) is divided by (m/2)/((-5)/(-50))?
14
Suppose j - 14 = -s - s, 2*j - 33 = -5*s. Calculate the remainder when j/(-12) + (-57)/(-9) is divided by 2.
0
Suppose -4*w + 20 = w. What is the remainder when (87/9)/(w/24) is divided by 12?
10
Calculate the remainder when 12 is divided by 6 - 9 - (-10)/1.
5
Suppose 27*l + 32 = 29*l. What is the remainder when l is divided by 6?
4
Let f be (0 + 0)/(-7 + 6). Let c = 4 + f. Calculate the remainder when c is divided by 3.
1
Let v be (3/(-4))/(4/(-32)). Suppose -w + v = w. Suppose -4*k + w*o + 96 = 0, -4*k + o = -o - 96. What is the remainder when k is divided by 9?
6
Suppose 0 = 6*v - 30 - 18. Calculate the remainder when 29 is divided by v.
5
Suppose 3*g + 3*q + 42 = 6*g, -5*q = 5*g - 30. Suppose j + 10 = 2*r, -2*r + 4*j + g = -0*r. Suppose -r = -2*t + t. What is the remainder when t is divided by 2?
1
Let q = -4 + 6. Suppose q*s - 6*s + 8 = 0. What is the remainder when 3 is divided by s?
1
Let p = -12 + 14. Let z be (-13 + 1)/((-6)/9). Suppose -u - 7 = v - z, -v + 18 = p*u. Calculate the remainder when 19 is divided by u.
5
Let r = 157 - 111. What is the remainder when r is divided by 17?
12
Let h(i) = -1. Let f(n) = -5*n - 10. Let b(a) = f(a) - 3*h(a). Let w be b(-8). Let k = w - 23. What is the remainder when 39 is divided by k?
9
Let t(h) = 10*h**3 - h**2 + 2*h - 1. Calculate the remainder when 38/(-4)*4/(-2) is divided by t(1).
9
Suppose 9 = 5*x - 6. Suppose -2*m + 0*i + 32 = 2*i, 0 = -x*m - 5*i + 38. What is the remainder when m is divided by 11?
10
Calculate the remainder when 27 is divided by ((-96)/(-4))/(4/(16/6)).
11
Let m(i) = -2*i - 9. Let j be (-1)/2*-18*-1. Let p = -11 - -16. What is the remainder when m(j) is divided by p?
4
Suppose -9*h = -5*h - 12. Let i = 10 - -33. What is the remainder when i is divided by (-40)/(-30) - (-29)/h?
10
Calculate the remainder when 73 is divided by 15 - -4*(-1 - 0).
7
Let c(b) be the first derivative of -1/2*b**2 + 7*b + 2. What is the remainder when 2 is divided by c(6)?
0
What is the remainder when ((-40)/(-6))/(4/24) is divided by 14?
12
Let p = -96 + 110. What is the remainder when 152 is divided by p?
12
Let g = -5 - -11. Calculate the remainder when 17 is divided by g + -2 + 2/1.
5
Suppose -3*y + y + 246 = 0. What is the remainder when y is divided by 18?
15
Suppose 1 + 5 = 3*u. Let c = 1 + u. Calculate the remainder when (-6)/(-9)*171/c is divided by 20.
18
Suppose -3 = -i - 2. Let v = 3 + 2. Suppose -3 = -v*o + 2. Calculate the remainder when i is divided by o.
0
Suppose 4*t - 312 = 3*a, 0 = 5*t - 3*a - 2*a - 385. Calculate the remainder when t is divided by 29.
23
Let m be (-1)/(-3) + (-55)/(-15). Suppose f = -m*f + 230. Let d = f + -5. What is the remainder when d is divided by 14?
13
Suppose 0 = h - 10 - 13. Suppose 5*i - p = 11 + 9, -9 = 2*i + 3*p. Suppose 5*l - 3*q = 65, 2*q = -5*l + i*q + 65. What is the remainder when h is divided by l?
10
Let w = -1 + 4. Suppose -w*a + 2 = -4. What is the remainder when 22 is divided by 6 + -2 + 2 + a?
6
Suppose 0*i + 92 = 4*i. What is the remainder when i is divided by 8?
7
Suppose n = -4*n + 35. Calculate the remainder when 16 is divided by n.
2
Suppose 183 = 24*y + 15. Let l(s) = -3*s - 5. Calculate the remainder when l(-6) is divided by y.
6
Let d(o) = -o**2 - 8*o + 9. Let z(y) = -y**3 - 5*y**2 + 8*y + 5. Let c be z(-6). Calculate the remainder when d(c) is divided by 9.
7
Let w(p) = -p**2 + 2*p + 1 + 3 + 3*p. Let n be w(6). Calculate the remainder when 28 is divided by (-9)/(-6) + (-17)/n.
8
Let b = 68 + -38. Calculate the remainder when b is divided by 11.
8
Suppose -4 + 0 = 4*q, 0 = 4*t + 5*q - 11. Suppose t*d = 10 + 2. Suppose d*g - 7 = 2. What is the remainder when 5 is divided by g?
2
Calculate the remainder when 7 - 4 - 2 - -39 is divided by 7.
5
Suppose 0 = -5*p + 141 + 29. Calculate the remainder when p is divided by 9.
7
Let f(y) = y**3 - 4*y**2 + 3. Let x be f(4). Suppose 0*r - 3*k - 9 = -2*r, -r + 3 = -x*k. What is the remainder when 23 is divided by r?
5
Let z be 62/(-8) + 4/(-16). Let g be 4/z + (-1)/(-2). Suppose 5*j + g*j - 20 = 0. Calculate the remainder when 7 is divided by j.
3
Let j be -1 - (-1 - (-1 - -21)). Suppose -4*u = -4 - j. What is the remainder when u is divided by 4?
2
Let o(g) be the first derivative of g**3/6 + 9*g**2 - 3*g - 2. Let p(s) be the first derivative of o(s). Calculate the remainder when 52 is divided by p(0).
16
Let b(x) = 50*x - 2. Let t(a) = 13*a + 116. What is the remainder when b(2) is divided by t(-7)?
23
Suppose -4*n = -67 - 89. What is the remainder when n is divided by 14?
11
Let m be 5*(0 - (-16)/(-20)). Calculate the remainder when 35 is divided by 3/(1/(-12)*m).
8
Let t(x) = x**2 + 14*x + 4. Let a be t(-16). Let j = -25 + a. Calculate the remainder when j is divided by 7.
4
Suppose 3*j - 85 = 2*o, -12 + 4 = -2*o. What is the remainder when 91 is divided by j?
29
Let t = 15 - 3. Let c(r) = -2*r**3 - 5*r**2 + 5*r + 6. Calculate the remainder when c(-4) is divided by t.
10
Suppose 2 - 6 = -4*i. Suppose -2*s + 9 = -i. What is the remainder when 9 is divided by s?
4
Suppose -j - 210 = -3*k, 96 = 3*k + 2*j - 123. What is the remainder when k is divided by 18?
17
Let f(l) = l + 7. Let t be f(-3). Suppose -2*r + 28 = 2*z, -12 = -t*r + r + 3*z. Calculate the remainder when r is divided by 2.
1
Suppose -11 = -4*j + 133. Let m = 67 - j. What is the remainder when m is divided by 11?
9
Let j be (12/(-20))/((-2)/10). Let b be (-6)/(-4) + j/6. Suppose 5*n = 5, b*h - 25 = -0*n + 3*n. Calculate the remainder when h is divided by 8.
6
Suppose -2*c = 4*h - 32, 5*c - 2*h + 5*h - 59 = 0. Calculate the remainder when 1/9 + 5312/144 is divided by c.
7
What is the remainder when 19 is divided by (-6)/9 - 32/(-3)?
9
Let f(h) = h**2 - 4*h + 11. Calculate the remainder when 43 is divided by f(6).
20
Let c(o) = o**3 + 7*o**2 - 16*o + 10. Calculate the remainder when c(-8) is divided by 11.
8
Suppose 2*h - i = 11, 4*h - i + 2*i = 7. What is the remainder when 21 is divided by h - (-3 - -2) - -7?
10
Let h = 44 - -114. Calculate the remainder when h is divided by 32.
30
Suppose 5*n - 4 = 3*n. Suppose n*l - 90 = -5*m + m, 0 = -3*m - 4*l + 60. What is the remainder when 47 is divided by m?
23
Let r = 18 + -15. Calculate the remainder when 4 is divided by r.
1
Let y(x) = -x**2 - 5*x + 9. Let t be y(-5). Let q = t - 0. Suppose -7*c = -2*c - 75. Calculate the remainder when c is divided by q.
6
Let h = 31 + -23. What is the remainder when 55 is divided by 4*(5 - h/(-4))?
27
Suppose 38 = 2*s + 5*b - b, 5*b = s - 40. What is the remainder when s is divided by 22?
3
Suppose 0*u + 3*u = -2*b + 74, -5*u + 2*b = -134. Let x = -170 - -221. Calculate the remainder when x is divided by u.
25
Suppose -5*p + 0*g + 4*g + 66 = 0, 3*g = -5*p + 38. Calculate the remainder when p is divided by 4.
2
Suppose -3*c = -21 - 18. Suppose -m + 2*u - 9 = -4, -2*m - 2*u + 20 = 0. What is the remainder when c is divided by m?
3
Let u be 10/(1/(2/4)). Suppose -5*g - k + 18 = 0, u*k - 1 = -3*g + 23. Calculate the remainder when 13 is divided by (-5)/(g/6*-2).
3
Let b be 26/10 + (-8)/(-20). Suppose 0 = -0*f - b*f + 54. Let a = f + -12. What is the remainder when 11 is divided by a?
5
Let u = -17 + 39. What is the remainder when 65 is divided by u?
21
Suppose -209 = -2*g + 45. What is the remainder when g is divided by 43?
41
Suppose 0 = -5*w - 5 + 45. Let t(z) = -z**2 + 14*z - 2. What is the remainder when t(12) is divided by w?
6
Suppose 2*i - 48 - 14 = 0. Let q(c) = c**3 + 6*c**2 + 4*c - 5. Let b be q(-5). Suppose -80 = -b*d - 5*d. What is the remainder when i is divided by d?
15
Suppose -2*g + 0*u = u - 49, -15 = -3*u. Calculate the remainder when 41 is divided by g.
19
Suppose 6*k - 10*k 